{"id":2013,"date":"2025-01-20T22:41:25","date_gmt":"2025-01-20T21:41:25","guid":{"rendered":"https:\/\/associationavenirs.fr\/?page_id=2013"},"modified":"2026-04-01T10:25:34","modified_gmt":"2026-04-01T08:25:34","slug":"avril","status":"publish","type":"page","link":"https:\/\/associationavenirs.fr\/index.php\/avril\/","title":{"rendered":"Avril"},"content":{"rendered":"\t\t<div data-elementor-type=\"wp-page\" data-elementor-id=\"2013\" class=\"elementor elementor-2013\">\n\t\t\t\t<div class=\"elementor-element elementor-element-2ad39525 e-flex e-con-boxed e-con e-parent\" data-id=\"2ad39525\" data-element_type=\"container\" data-e-type=\"container\">\n\t\t\t\t\t<div class=\"e-con-inner\">\n\t\t<div class=\"elementor-element elementor-element-2b82f650 e-con-full e-flex elementor-invisible e-con e-child\" data-id=\"2b82f650\" data-element_type=\"container\" data-e-type=\"container\" data-settings=\"{&quot;animation&quot;:&quot;fadeInDown&quot;}\">\n\t\t\t\t<div class=\"elementor-element elementor-element-3ab4f1a2 elementor-widget elementor-widget-spacer\" data-id=\"3ab4f1a2\" data-element_type=\"widget\" data-e-type=\"widget\" data-widget_type=\"spacer.default\">\n\t\t\t\t<div class=\"elementor-widget-container\">\n\t\t\t\t\t\t\t<div class=\"elementor-spacer\">\n\t\t\t<div class=\"elementor-spacer-inner\"><\/div>\n\t\t<\/div>\n\t\t\t\t\t\t<\/div>\n\t\t\t\t<\/div>\n\t\t\t\t<div class=\"elementor-element elementor-element-799e73b5 elementor-widget elementor-widget-text-editor\" data-id=\"799e73b5\" data-element_type=\"widget\" data-e-type=\"widget\" data-widget_type=\"text-editor.default\">\n\t\t\t\t<div class=\"elementor-widget-container\">\n\t\t\t\t\t\t\t\t\t<h4 style=\"text-align: center;\"><span style=\"color: #df0054;\">Sur rendez-vous aupr\u00e8s de l&rsquo;intervenant <\/span><\/h4><p style=\"text-align: center;\"><span style=\"color: #000000;\">Planification des ateliers, coordonn\u00e9es des prestataires, partenaires et b\u00e9n\u00e9voles.<\/span><\/p><p style=\"text-align: center;\"><span style=\"color: #000000;\">Pour prendre rendez-vous, veuillez les contacter par message, pr\u00e9f\u00e9rentiellement, et ils vous rappelleront ensuite.<\/span><\/p>\t\t\t\t\t\t\t\t<\/div>\n\t\t\t\t<\/div>\n\t\t\t\t<div class=\"elementor-element elementor-element-22446216 elementor-widget elementor-widget-spacer\" data-id=\"22446216\" data-element_type=\"widget\" data-e-type=\"widget\" data-widget_type=\"spacer.default\">\n\t\t\t\t<div class=\"elementor-widget-container\">\n\t\t\t\t\t\t\t<div class=\"elementor-spacer\">\n\t\t\t<div class=\"elementor-spacer-inner\"><\/div>\n\t\t<\/div>\n\t\t\t\t\t\t<\/div>\n\t\t\t\t<\/div>\n\t\t\t\t<\/div>\n\t\t\t\t<div class=\"elementor-element elementor-element-2501df87 elementor-invisible elementor-widget elementor-widget-image-gallery\" data-id=\"2501df87\" data-element_type=\"widget\" data-e-type=\"widget\" data-settings=\"{&quot;_animation&quot;:&quot;fadeInUp&quot;}\" data-widget_type=\"image-gallery.default\">\n\t\t\t\t<div class=\"elementor-widget-container\">\n\t\t\t\t\t\t\t<div class=\"elementor-image-gallery\">\n\t\t\t<div id='gallery-1' class='gallery galleryid-2013 gallery-columns-2 gallery-size-full'><figure class='gallery-item'>\n\t\t\t<div class='gallery-icon portrait'>\n\t\t\t\t<a data-elementor-open-lightbox=\"yes\" data-elementor-lightbox-slideshow=\"2501df87\" data-elementor-lightbox-title=\"Flyer \u00c9lodie Avril\" data-e-action-hash=\"#elementor-action%3Aaction%3Dlightbox%26settings%3DeyJpZCI6MjkwMiwidXJsIjoiaHR0cHM6XC9cL2Fzc29jaWF0aW9uYXZlbmlycy5mclwvd3AtY29udGVudFwvdXBsb2Fkc1wvMjAyNlwvMDNcL0ZseWVyLUVsb2RpZS1BdnJpbC5qcGciLCJzbGlkZXNob3ciOiIyNTAxZGY4NyJ9\" href='https:\/\/associationavenirs.fr\/wp-content\/uploads\/2026\/03\/Flyer-Elodie-Avril.jpg'><img fetchpriority=\"high\" decoding=\"async\" width=\"886\" height=\"1240\" src=\"https:\/\/associationavenirs.fr\/wp-content\/uploads\/2026\/03\/Flyer-Elodie-Avril.jpg\" class=\"attachment-full size-full\" alt=\"\" srcset=\"https:\/\/associationavenirs.fr\/wp-content\/uploads\/2026\/03\/Flyer-Elodie-Avril.jpg 886w, https:\/\/associationavenirs.fr\/wp-content\/uploads\/2026\/03\/Flyer-Elodie-Avril-214x300.jpg 214w, https:\/\/associationavenirs.fr\/wp-content\/uploads\/2026\/03\/Flyer-Elodie-Avril-732x1024.jpg 732w, https:\/\/associationavenirs.fr\/wp-content\/uploads\/2026\/03\/Flyer-Elodie-Avril-768x1075.jpg 768w\" sizes=\"(max-width: 886px) 100vw, 886px\" \/><\/a>\n\t\t\t<\/div><\/figure><figure class='gallery-item'>\n\t\t\t<div class='gallery-icon portrait'>\n\t\t\t\t<a data-elementor-open-lightbox=\"yes\" data-elementor-lightbox-slideshow=\"2501df87\" data-elementor-lightbox-title=\"Flyer-\u00c9lodie-Massage-du-Dos\" data-e-action-hash=\"#elementor-action%3Aaction%3Dlightbox%26settings%3DeyJpZCI6Mjk2MywidXJsIjoiaHR0cHM6XC9cL2Fzc29jaWF0aW9uYXZlbmlycy5mclwvd3AtY29udGVudFwvdXBsb2Fkc1wvMjAyNlwvMDRcL0ZseWVyLUVsb2RpZS1NYXNzYWdlLWR1LURvcy5qcGciLCJzbGlkZXNob3ciOiIyNTAxZGY4NyJ9\" href='https:\/\/associationavenirs.fr\/wp-content\/uploads\/2026\/04\/Flyer-Elodie-Massage-du-Dos.jpg'><img decoding=\"async\" width=\"886\" height=\"1240\" src=\"https:\/\/associationavenirs.fr\/wp-content\/uploads\/2026\/04\/Flyer-Elodie-Massage-du-Dos.jpg\" class=\"attachment-full size-full\" alt=\"\" srcset=\"https:\/\/associationavenirs.fr\/wp-content\/uploads\/2026\/04\/Flyer-Elodie-Massage-du-Dos.jpg 886w, https:\/\/associationavenirs.fr\/wp-content\/uploads\/2026\/04\/Flyer-Elodie-Massage-du-Dos-214x300.jpg 214w, https:\/\/associationavenirs.fr\/wp-content\/uploads\/2026\/04\/Flyer-Elodie-Massage-du-Dos-732x1024.jpg 732w, https:\/\/associationavenirs.fr\/wp-content\/uploads\/2026\/04\/Flyer-Elodie-Massage-du-Dos-768x1075.jpg 768w\" sizes=\"(max-width: 886px) 100vw, 886px\" \/><\/a>\n\t\t\t<\/div><\/figure><figure class='gallery-item'>\n\t\t\t<div class='gallery-icon landscape'>\n\t\t\t\t<a data-elementor-open-lightbox=\"yes\" data-elementor-lightbox-slideshow=\"2501df87\" data-elementor-lightbox-title=\"Beauty-Queen-87---Renaissance-Peau---Massage-dos---Association-Avenirs---Boisseuil---Isle-\" data-e-action-hash=\"#elementor-action%3Aaction%3Dlightbox%26settings%3DeyJpZCI6Mjk1NSwidXJsIjoiaHR0cHM6XC9cL2Fzc29jaWF0aW9uYXZlbmlycy5mclwvd3AtY29udGVudFwvdXBsb2Fkc1wvMjAyNlwvMDNcL0JlYXV0eS1RdWVlbi04Ny1SZW5haXNzYW5jZS1QZWF1LU1hc3NhZ2UtZG9zLUFzc29jaWF0aW9uLUF2ZW5pcnMtQm9pc3NldWlsLUlzbGUtLmpwZyIsInNsaWRlc2hvdyI6IjI1MDFkZjg3In0%3D\" href='https:\/\/associationavenirs.fr\/wp-content\/uploads\/2026\/03\/Beauty-Queen-87-Renaissance-Peau-Massage-dos-Association-Avenirs-Boisseuil-Isle-.jpg'><img decoding=\"async\" width=\"1080\" height=\"1080\" src=\"https:\/\/associationavenirs.fr\/wp-content\/uploads\/2026\/03\/Beauty-Queen-87-Renaissance-Peau-Massage-dos-Association-Avenirs-Boisseuil-Isle-.jpg\" class=\"attachment-full size-full\" alt=\"\" srcset=\"https:\/\/associationavenirs.fr\/wp-content\/uploads\/2026\/03\/Beauty-Queen-87-Renaissance-Peau-Massage-dos-Association-Avenirs-Boisseuil-Isle-.jpg 1080w, https:\/\/associationavenirs.fr\/wp-content\/uploads\/2026\/03\/Beauty-Queen-87-Renaissance-Peau-Massage-dos-Association-Avenirs-Boisseuil-Isle--300x300.jpg 300w, https:\/\/associationavenirs.fr\/wp-content\/uploads\/2026\/03\/Beauty-Queen-87-Renaissance-Peau-Massage-dos-Association-Avenirs-Boisseuil-Isle--1024x1024.jpg 1024w, https:\/\/associationavenirs.fr\/wp-content\/uploads\/2026\/03\/Beauty-Queen-87-Renaissance-Peau-Massage-dos-Association-Avenirs-Boisseuil-Isle--150x150.jpg 150w, https:\/\/associationavenirs.fr\/wp-content\/uploads\/2026\/03\/Beauty-Queen-87-Renaissance-Peau-Massage-dos-Association-Avenirs-Boisseuil-Isle--768x768.jpg 768w\" sizes=\"(max-width: 1080px) 100vw, 1080px\" \/><\/a>\n\t\t\t<\/div><\/figure><figure class='gallery-item'>\n\t\t\t<div class='gallery-icon portrait'>\n\t\t\t\t<a data-elementor-open-lightbox=\"yes\" data-elementor-lightbox-slideshow=\"2501df87\" data-elementor-lightbox-title=\"Morgane-Avril\" data-e-action-hash=\"#elementor-action%3Aaction%3Dlightbox%26settings%3DeyJpZCI6Mjg4MSwidXJsIjoiaHR0cHM6XC9cL2Fzc29jaWF0aW9uYXZlbmlycy5mclwvd3AtY29udGVudFwvdXBsb2Fkc1wvMjAyNlwvMDJcL01vcmdhbmUtQXZyaWwuanBnIiwic2xpZGVzaG93IjoiMjUwMWRmODcifQ%3D%3D\" href='https:\/\/associationavenirs.fr\/wp-content\/uploads\/2026\/02\/Morgane-Avril.jpg'><img loading=\"lazy\" decoding=\"async\" width=\"1205\" height=\"1727\" src=\"https:\/\/associationavenirs.fr\/wp-content\/uploads\/2026\/02\/Morgane-Avril.jpg\" class=\"attachment-full size-full\" alt=\"\" srcset=\"https:\/\/associationavenirs.fr\/wp-content\/uploads\/2026\/02\/Morgane-Avril.jpg 1205w, https:\/\/associationavenirs.fr\/wp-content\/uploads\/2026\/02\/Morgane-Avril-209x300.jpg 209w, https:\/\/associationavenirs.fr\/wp-content\/uploads\/2026\/02\/Morgane-Avril-714x1024.jpg 714w, https:\/\/associationavenirs.fr\/wp-content\/uploads\/2026\/02\/Morgane-Avril-768x1101.jpg 768w, https:\/\/associationavenirs.fr\/wp-content\/uploads\/2026\/02\/Morgane-Avril-1072x1536.jpg 1072w\" sizes=\"(max-width: 1205px) 100vw, 1205px\" \/><\/a>\n\t\t\t<\/div><\/figure><figure class='gallery-item'>\n\t\t\t<div class='gallery-icon portrait'>\n\t\t\t\t<a data-elementor-open-lightbox=\"yes\" data-elementor-lightbox-slideshow=\"2501df87\" data-elementor-lightbox-title=\"Stage-A\u00eekido\" data-e-action-hash=\"#elementor-action%3Aaction%3Dlightbox%26settings%3DeyJpZCI6Mjk1OSwidXJsIjoiaHR0cHM6XC9cL2Fzc29jaWF0aW9uYXZlbmlycy5mclwvd3AtY29udGVudFwvdXBsb2Fkc1wvMjAyNlwvMDNcL1N0YWdlLUFpa2lkby5qcGciLCJzbGlkZXNob3ciOiIyNTAxZGY4NyJ9\" href='https:\/\/associationavenirs.fr\/wp-content\/uploads\/2026\/03\/Stage-Aikido.jpg'><img loading=\"lazy\" decoding=\"async\" width=\"864\" height=\"1232\" src=\"https:\/\/associationavenirs.fr\/wp-content\/uploads\/2026\/03\/Stage-Aikido.jpg\" class=\"attachment-full size-full\" alt=\"\" srcset=\"https:\/\/associationavenirs.fr\/wp-content\/uploads\/2026\/03\/Stage-Aikido.jpg 864w, https:\/\/associationavenirs.fr\/wp-content\/uploads\/2026\/03\/Stage-Aikido-210x300.jpg 210w, https:\/\/associationavenirs.fr\/wp-content\/uploads\/2026\/03\/Stage-Aikido-718x1024.jpg 718w, https:\/\/associationavenirs.fr\/wp-content\/uploads\/2026\/03\/Stage-Aikido-768x1095.jpg 768w\" sizes=\"(max-width: 864px) 100vw, 864px\" \/><\/a>\n\t\t\t<\/div><\/figure><figure class='gallery-item'>\n\t\t\t<div class='gallery-icon portrait'>\n\t\t\t\t<a data-elementor-open-lightbox=\"yes\" data-elementor-lightbox-slideshow=\"2501df87\" data-elementor-lightbox-title=\"IMG-20260319-WA0002\" data-e-action-hash=\"#elementor-action%3Aaction%3Dlightbox%26settings%3DeyJpZCI6MjkyOSwidXJsIjoiaHR0cHM6XC9cL2Fzc29jaWF0aW9uYXZlbmlycy5mclwvd3AtY29udGVudFwvdXBsb2Fkc1wvMjAyNlwvMDNcL0lNRy0yMDI2MDMxOS1XQTAwMDIuanBnIiwic2xpZGVzaG93IjoiMjUwMWRmODcifQ%3D%3D\" href='https:\/\/associationavenirs.fr\/wp-content\/uploads\/2026\/03\/IMG-20260319-WA0002.jpg'><img loading=\"lazy\" decoding=\"async\" width=\"1414\" height=\"2000\" src=\"https:\/\/associationavenirs.fr\/wp-content\/uploads\/2026\/03\/IMG-20260319-WA0002.jpg\" class=\"attachment-full size-full\" alt=\"\" srcset=\"https:\/\/associationavenirs.fr\/wp-content\/uploads\/2026\/03\/IMG-20260319-WA0002.jpg 1414w, https:\/\/associationavenirs.fr\/wp-content\/uploads\/2026\/03\/IMG-20260319-WA0002-212x300.jpg 212w, https:\/\/associationavenirs.fr\/wp-content\/uploads\/2026\/03\/IMG-20260319-WA0002-724x1024.jpg 724w, https:\/\/associationavenirs.fr\/wp-content\/uploads\/2026\/03\/IMG-20260319-WA0002-768x1086.jpg 768w, https:\/\/associationavenirs.fr\/wp-content\/uploads\/2026\/03\/IMG-20260319-WA0002-1086x1536.jpg 1086w\" sizes=\"(max-width: 1414px) 100vw, 1414px\" \/><\/a>\n\t\t\t<\/div><\/figure>\n\t\t<\/div>\n\t\t<\/div>\n\t\t\t\t\t\t<\/div>\n\t\t\t\t<\/div>\n\t\t\t\t\t<\/div>\n\t\t\t\t<\/div>\n\t\t<div class=\"elementor-element elementor-element-35af96ff e-flex e-con-boxed e-con e-parent\" data-id=\"35af96ff\" data-element_type=\"container\" data-e-type=\"container\">\n\t\t\t\t\t<div class=\"e-con-inner\">\n\t\t\t\t<div class=\"elementor-element elementor-element-7e548a28 elementor-widget elementor-widget-spacer\" data-id=\"7e548a28\" data-element_type=\"widget\" data-e-type=\"widget\" data-widget_type=\"spacer.default\">\n\t\t\t\t<div class=\"elementor-widget-container\">\n\t\t\t\t\t\t\t<div class=\"elementor-spacer\">\n\t\t\t<div class=\"elementor-spacer-inner\"><\/div>\n\t\t<\/div>\n\t\t\t\t\t\t<\/div>\n\t\t\t\t<\/div>\n\t\t\t\t\t<\/div>\n\t\t\t\t<\/div>\n\t\t\t\t<\/div>\n\t\t","protected":false},"excerpt":{"rendered":"<p>Sur rendez-vous aupr\u00e8s de l&rsquo;intervenant Planification des ateliers, coordonn\u00e9es des prestataires, partenaires et b\u00e9n\u00e9voles. Pour prendre rendez-vous, veuillez les contacter par message, pr\u00e9f\u00e9rentiellement, et ils vous rappelleront ensuite.<\/p>\n","protected":false},"author":1,"featured_media":0,"parent":0,"menu_order":0,"comment_status":"closed","ping_status":"closed","template":"","meta":{"_acf_changed":false,"footnotes":""},"class_list":["post-2013","page","type-page","status-publish","hentry"],"acf":[],"aioseo_notices":[],"_links":{"self":[{"href":"https:\/\/associationavenirs.fr\/index.php\/wp-json\/wp\/v2\/pages\/2013","targetHints":{"allow":["GET"]}}],"collection":[{"href":"https:\/\/associationavenirs.fr\/index.php\/wp-json\/wp\/v2\/pages"}],"about":[{"href":"https:\/\/associationavenirs.fr\/index.php\/wp-json\/wp\/v2\/types\/page"}],"author":[{"embeddable":true,"href":"https:\/\/associationavenirs.fr\/index.php\/wp-json\/wp\/v2\/users\/1"}],"replies":[{"embeddable":true,"href":"https:\/\/associationavenirs.fr\/index.php\/wp-json\/wp\/v2\/comments?post=2013"}],"version-history":[{"count":49,"href":"https:\/\/associationavenirs.fr\/index.php\/wp-json\/wp\/v2\/pages\/2013\/revisions"}],"predecessor-version":[{"id":2966,"href":"https:\/\/associationavenirs.fr\/index.php\/wp-json\/wp\/v2\/pages\/2013\/revisions\/2966"}],"wp:attachment":[{"href":"https:\/\/associationavenirs.fr\/index.php\/wp-json\/wp\/v2\/media?parent=2013"}],"curies":[{"name":"wp","href":"https:\/\/api.w.org\/{rel}","templated":true}]}}